ermine q(111).
17
Let w(a) = a**3 - 15*a**2 + 18*a - 127. Determine w(14).
-71
Let t(m) = -53*m + 719. Calculate t(14).
-23
Let l(c) = -c**3 + 6*c**2 + 79*c + 95. What is l(-5)?
-25
Let u(l) = l**2 - 25*l + 178. Give u(7).
52
Let f(y) = y**3 - 97*y**2 + 10*y - 947. Determine f(97).
23
Let k(a) = -3*a**3 + 219*a**2 - 218*a + 150. Determine k(72).
6
Let d(k) = -4*k**3 + 38*k**2 - 11*k + 14. Calculate d(9).
77
Let b(h) = 82*h + 1279. Give b(-18).
-197
Let k(v) = -v**2 - 8*v - 13. Determine k(-7).
-6
Let i(u) = -143*u**2 + 3003*u - 12. Calculate i(21).
-12
Let d(w) = -8*w**2 + 23*w + 48. Give d(-2).
-30
Let w(a) = a**3 + 2*a - 70. Determine w(5).
65
Let o(m) = -m**3 + 69*m**2 + 1771*m - 192. Determine o(-20).
-12
Let t(z) = 119*z**3 - z**2 - 3. Determine t(-2).
-959
Let i(f) = 2*f**3 + 5*f**2 - 28*f - 95. Determine i(-3).
-20
Let o(a) = -a**3 + 18*a**2 + 24*a + 74. Determine o(19).
169
Let q(s) = -20*s - 219. Give q(-15).
81
Let s(d) = d**3 + 6*d**2 + 47*d + 4. What is s(-7)?
-374
Let d(b) = b**3 - 4*b**2 + 10*b - 274. Give d(8).
62
Let z(n) = 11*n**2 - 188*n + 44. Give z(17).
27
Let d(a) = -5*a - 31. Calculate d(-11).
24
Let j(k) = -79*k + 1974. What is j(25)?
-1
Let r(w) = 5*w**2 - w + 18. Determine r(-4).
102
Let l(t) = 3*t**3 + 370*t**2 - 250*t - 257. Determine l(-124).
-9
Let f(d) = -3*d**3 + 18*d**2 - 6*d - 43. What is f(2)?
-7
Let w(l) = -l**3 + 14*l**2 - 30*l + 11. Calculate w(9).
146
Let b(q) = 10*q + 46. Determine b(7).
116
Let h(m) = m**3 - 19*m**2 + 40*m - 81. Calculate h(17).
21
Let k(r) = -3*r**2 - 99*r + 34. What is k(-23)?
724
Let y(g) = g**3 + 116*g**2 - 244*g - 928. Calculate y(-118).
16
Let p(g) = 97*g - 12404. What is p(128)?
12
Let j(v) = -4*v**3 + 4*v**2 + 7*v - 3. Calculate j(-2).
31
Let q(m) = -3513*m + 119439. Calculate q(34).
-3
Let r(l) = 359*l - 13643. What is r(38)?
-1
Let l(k) = 290*k - 2892. Give l(10).
8
Let i(q) = -785*q - 130313. Give i(-166).
-3
Let w(q) = -q**3 + 15*q**2 + 60*q - 1022. Give w(9).
4
Let f(h) = h**3 - 12*h**2 + 46*h - 7. Calculate f(7).
70
Let r(a) = a**3 - 6*a**2 + 48*a - 394. What is r(7)?
-9
Let a(f) = f**3 - 6*f**2 - 19*f + 75. Give a(5).
-45
Let i(m) = -14*m**3 + 923*m**2 + 68*m - 133. Determine i(66).
-1
Let y(d) = -507*d + 22819. What is y(45)?
4
Let t(r) = 36*r + 102. Calculate t(-5).
-78
Let r(b) = -7*b**3 - 160*b**2 + 26*b + 83. What is r(-23)?
14
Let l(f) = -63*f - 3849. Determine l(-61).
-6
Let v(r) = -214*r**2 - 4063*r + 55. Calculate v(-19).
-2
Let j(k) = 2*k**3 - 17*k**2 + 10*k + 22. Give j(9).
193
Let s(j) = 49*j + 264. Calculate s(-9).
-177
Let w(l) = 60*l + 22. Calculate w(2).
142
Let h(k) = 2*k**3 + 58*k**2 + 2*k + 83. Give h(-29).
25
Let n(m) = m**3 - 520*m**2 + 13303*m + 209. What is n(27)?
-7
Let n(a) = 2*a**3 + 4*a**2 - 19*a - 22. Determine n(-5).
-77
Let t(m) = -2*m**3 + 107*m**2 + 156*m + 491. Calculate t(55).
-4
Let p(b) = 5*b**2 + 11*b - 78. What is p(-7)?
90
Let i(s) = s**3 + 54*s**2 - 108*s - 237. Calculate i(-56).
-461
Let p(s) = 25*s**2 - 467*s + 149. Calculate p(18).
-157
Let c(h) = h**2 + 21*h + 76. Calculate c(-5).
-4
Let h(o) = 6*o**3 - 101*o**2 - 23*o - 19. Calculate h(17).
-121
Let r(y) = y**3 + 58*y**2 + 105*y - 387. Give r(-56).
5
Let a(p) = -8*p**2 - 82*p - 221. Calculate a(-12).
-389
Let w(m) = 7*m**2 + 142*m - 920. Calculate w(6).
184
Let w(c) = -2*c**2 + 177*c - 908. Give w(83).
5
Let q(v) = -20*v + 375. Give q(14).
95
Let b(x) = -55*x - 2303. Determine b(-44).
117
Let m(b) = b**3 - 5*b**2 - 23*b + 5. Give m(-4).
-47
Let i(h) = h**2 - 75*h + 1240. What is i(31)?
-124
Let u(y) = -6160*y + 55438. Determine u(9).
-2
Let c(f) = 76*f - 2290. What is c(30)?
-10
Let a(p) = -31*p**3 - 5*p**2 - p + 6. What is a(-2)?
236
Let u(n) = -262*n + 1074. Determine u(4).
26
Let b(w) = -w**3 - 6*w**2 - 85*w - 518. Calculate b(-7).
126
Let j(a) = -a**3 - 5*a**2 - 52*a - 351. Determine j(-6).
-3
Let d(w) = -2*w**2 - 71*w - 136. Give d(-33).
29
Let k(t) = 1130*t**2 - 46330*t + 3. Give k(41).
3
Let m(j) = 85*j**2 - 3. Give m(-3).
762
Let f(t) = -t**3 + 23*t**2 + 24*t - 559. Calculate f(23).
-7
Let a(m) = -4*m**2 - 140*m - 936. Calculate a(-7).
-152
Let s(c) = -2*c**3 - 21*c**2 + 26*c + 205. Determine s(-3).
-8
Let u(w) = 2*w - 4. Calculate u(-18).
-40
Let q(z) = 107*z - 183. Calculate q(2).
31
Let n(q) = q**2 + 63*q - 929. Calculate n(15).
241
Let j(u) = -u**2 + 1079*u. What is j(0)?
0
Let l(c) = -10*c**2 + 55*c - 154. Calculate l(4).
-94
Let c(b) = 9*b**3 - 455*b**2 - 202*b - 111. Determine c(51).
-9
Let l(s) = -5*s**3 + 101*s**2 - 23*s + 62. What is l(20)?
2
Let f(r) = r**2 + 4*r + 16. Give f(-5).
21
Let k(u) = 6*u**2 - 56*u + 11. What is k(8)?
-53
Let t(s) = 184*s**2 - 741*s + 12. Determine t(4).
-8
Let v(h) = -h**3 + 9*h**2 + 63*h + 31. Give v(14).
-67
Let q(c) = 47*c - 614. What is q(13)?
-3
Let p(x) = -x**3 - 5*x**2 - 3*x - 27. Determine p(-5).
-12
Let d(l) = -l**3 + 26*l**2 + 95*l - 228. Calculate d(29).
4
Let j(a) = 4*a**2 + 89*a + 481. What is j(-13)?
0
Let f(y) = 3*y + 270. Give f(-90).
0
Let u(c) = -91*c - 1080. What is u(-12)?
12
Let j(u) = 3*u**2 - 2913*u - 23492. What is j(-8)?
4
Let l(n) = -8*n**2 - 11*n - 16. Give l(-6).
-238
Let g(m) = m**3 - 72*m**2 + 77*m - 456. Determine g(71).
-30
Let x(j) = -j**3 + 42*j**2 - 85*j - 194. Calculate x(40).
-394
Let y(q) = q**3 + 13*q**2 - 20*q - 129. What is y(-6)?
243
Let n(z) = -9*z**2 - 107*z - 449. Give n(-6).
-131
Let x(v) = -1308*v - 49709. Calculate x(-38).
-5
Let h(x) = -81*x - 492. Give h(-6).
-6
Let t(i) = -3780*i + 45344. Determine t(12).
-16
Let k(o) = -6*o**2 + 9*o - 21. Calculate k(3).
-48
Let h(c) = 52*c - 569. What is h(10)?
-49
Let g(m) = 8*m**3 - 145*m**2 + 54*m - 642. What is g(18)?
6
Let n(x) = -x**2 + 60*x - 843. What is n(37)?
8
Let v(g) = -4*g**2 - 7*g + 838. Determine v(14).
-44
Let x(m) = m**2 + 119*m + 1844. Determine x(-18).
26
Let m(f) = 11*f**3 + 28*f**2 + 25*f - 2. Give m(-1).
-10
Let l(n) = -n**3 + 13*n**2 - 9*n - 2. Calculate l(12).
34
Let p(z) = -z**2 - 27*z + 122. Give p(-32).
-38
Let b(w) = -w**3 + 35*w**2 - 36*w + 1295. Give b(35).
35
Let a(j) = -13*j + 77. Determine a(4).
25
Let v(g) = g**3 + 7*g**2 - 46*g - 475. Determine v(-10).
-315
Let p(q) = 3*q**2 + 53*q + 50. Give p(-21).
260
Let h(c) = c**2 - 32*c + 104. Give h(14).
-148
Let a(m) = 79*m - 17. Determine a(-2).
-175
Let w(o) = 29*o - 548. Determine w(20).
32
Let g(x) = 5*x**2 + 55*x - 60. What is g(-12)?
0
Let i(g) = -g**3 - 26*g**2 + 77*g + 591. Calculate i(-28).
3
Let n(d) = 6124*d + 12290. Give n(-2).
42
Let b(g) = -21*g - 219. Calculate b(-16).
117
Let w(k) = -k**2 + 101*k + 688. Calculate w(-7).
-68
Let f(h) = -h**2 + 112*h + 847. What is f(-7)?
14
Let a(x) = -20*x + 176. Calculate a(22).
-264
Let s(q) = q**2 + 89*q + 282. Give s(-24).
-1278
Let i(z) = -2*z**3 + 3*z**2 - 10*z + 8. What is i(1)?
-1
Let q(k) = -k**2 + 16*k - 30. Determine q(13).
9
Let g(p) = 2*p**3 + 9*p**2 + 47*p - 9. Give g(-6).
-399
Let g(x) = -14*x**2 - 33*x + 139. Determine g(-4).
47
Let f(q) = -q**2 - 227*q + 931. Give f(4).
7
Let r(b) = b**2 - 2*b - 373. Calculate r(-19).
26
Let p(d) = -1869*d + 5613. Give p(3).
6
Let x(m) = -2*m + 12. Give x(14).
-16
Let x(v) = -3*v**2 - 14*v - 20. Calculate x(-10).
-180
Let n(g) = g**2 - 221*g + 63. Calculate n(0).
63
Let r(c) = c**2 - 130*c - 7728. Determine r(174).
-72
Let y(p) = 60*p + 1291. Calculate y(-21).
31
Let i(v) = -3*v**2 + 33*v + 18. Calculate i(10).
48
Let x(h) = 2*h**3 - 39*h**2 - 166*h + 90. Calculate x(23).
-25
Let b(y) = -19*y**2 + 19*y - 51. Determine b(3).
-165
Let n(r) = -513*r - 46166. Give n(-90).
4
Let r(z) = 128*z + 2495. Give r(-20).
-65
Let b(u) = u**2 + 6*u - 171. Calculate b(-15).
-36
Let l(o) = 12*o**2 - 21*o - 30. Determine l(-2).
60
Let u(w) = -69*w - 587. Calculate u(-10).
103
Let x(c) = -116*c - 13456. What is x(-116)?
0
Let o(b) = 115*b + 5762. Calculate o(-50).
12
Let m(l) = -18*l**3 - 303*l**2 + 52*l + 22. Give m(-17).
5
Let m(c) = -12*c - 65. What is m(-13)?
91
Let o(c) = 3*c**2 + 2*c - 3. What is o(-6)?
93
Let w(i) = 204*i - 5862. Calculate w(29).
54
Let w(c) = -3*c**2 - 822*c - 823. What is w(-1)?
-4
Let p(b) = 9*b - 392. Determine p(78).
310
Let m(d) = -71*d - 678. Determine m(-9).
-39
Let l(t) = 4*t**3 + 10*t**2 + 6*t + 8. Determine l(-2).
4
Let s(y) = 2*y**2 + 196*y - 1480. C